{"id":52,"date":"2026-02-25T23:59:32","date_gmt":"2026-02-25T20:59:32","guid":{"rendered":"http:\/\/localhost\/endoskopi\/?page_id=52"},"modified":"2026-02-26T00:07:06","modified_gmt":"2026-02-25T21:07:06","slug":"tarihce","status":"publish","type":"page","link":"https:\/\/hasansayar.com\/endoskopi\/tarihce\/","title":{"rendered":"Tarih\u00e7e"},"content":{"rendered":"\n<div class=\"wp-block-group is-vertical is-layout-flex wp-container-core-group-is-layout-8cf370e7 wp-block-group-is-layout-flex\">\n<p><strong style=\"color:#800027;\">Kurucu \u2013 Biyomedikal Y\u00fck.M\u00fch. Dr. Aykut S\u00fcmer<\/strong><\/p>\n\n\n\n<figure class=\"wp-block-image size-full\"><a href=\"https:\/\/www.linkedin.com\/in\/endoskopi-aykut-sumer\/?originalSubdomain=tr\" target=\"_blank\" rel=\" noreferrer noopener\"><img decoding=\"async\" src=\"https:\/\/hasansayar.com\/endoskopi\/wp-content\/uploads\/2026\/02\/linkedin-tarihce.svg\" alt=\"\" class=\"wp-image-53\"\/><\/a><\/figure>\n<\/div>\n\n\n\n<p><\/p>\n\n\n\n<p>2002 y\u0131l\u0131nda, Richard Wolf markas\u0131n\u0131n T\u00fcrkiye Distrib\u00fct\u00f6rl\u00fc\u011f\u00fc\u2019n\u00fc alarak, Endoskopi Medikal Ticaret A.\u015e. firmas\u0131n\u0131 hayata ge\u00e7irdi.<\/p>\n\n\n\n<p>2002 y\u0131l\u0131ndan g\u00fcn\u00fcm\u00fcze \u00dcroloji, Beyin ve Sinir Cerrahisi, Genel Cerrahi, Ortopedi ve Jinekoloji alanlar\u0131nda kesintisiz faaliyet g\u00f6steren Endoskopi Medikal Ticaret A.\u015e., Richard Wolf endoskopi cihazlar\u0131n\u0131 sa\u011fl\u0131k hizmet sunucular\u0131yla bulu\u015fturmu\u015ftur. \u015eirket, \u00fcniversite, devlet ve \u00f6zel hastanelerde R. Wolf\u2019un dayan\u0131kl\u0131l\u0131\u011f\u0131n\u0131 ve kalite anlay\u0131\u015f\u0131n\u0131 ba\u015far\u0131yla temsil etmeye devam etmektedir.<\/p>\n","protected":false},"excerpt":{"rendered":"<p>Kurucu \u2013 Biyomedikal Y\u00fck.M\u00fch. Dr. Aykut S\u00fcmer 2002 y\u0131l\u0131nda, Richard Wolf markas\u0131n\u0131n T\u00fcrkiye Distrib\u00fct\u00f6rl\u00fc\u011f\u00fc\u2019n\u00fc alarak, Endoskopi Medikal Ticaret A.\u015e. firmas\u0131n\u0131&#8230;<\/p>\n","protected":false},"author":1,"featured_media":54,"parent":0,"menu_order":0,"comment_status":"closed","ping_status":"closed","template":"","meta":{"footnotes":""},"class_list":["post-52","page","type-page","status-publish","has-post-thumbnail","hentry"],"_links":{"self":[{"href":"https:\/\/hasansayar.com\/endoskopi\/wp-json\/wp\/v2\/pages\/52","targetHints":{"allow":["GET"]}}],"collection":[{"href":"https:\/\/hasansayar.com\/endoskopi\/wp-json\/wp\/v2\/pages"}],"about":[{"href":"https:\/\/hasansayar.com\/endoskopi\/wp-json\/wp\/v2\/types\/page"}],"author":[{"embeddable":true,"href":"https:\/\/hasansayar.com\/endoskopi\/wp-json\/wp\/v2\/users\/1"}],"replies":[{"embeddable":true,"href":"https:\/\/hasansayar.com\/endoskopi\/wp-json\/wp\/v2\/comments?post=52"}],"version-history":[{"count":6,"href":"https:\/\/hasansayar.com\/endoskopi\/wp-json\/wp\/v2\/pages\/52\/revisions"}],"predecessor-version":[{"id":62,"href":"https:\/\/hasansayar.com\/endoskopi\/wp-json\/wp\/v2\/pages\/52\/revisions\/62"}],"wp:featuredmedia":[{"embeddable":true,"href":"https:\/\/hasansayar.com\/endoskopi\/wp-json\/wp\/v2\/media\/54"}],"wp:attachment":[{"href":"https:\/\/hasansayar.com\/endoskopi\/wp-json\/wp\/v2\/media?parent=52"}],"curies":[{"name":"wp","href":"https:\/\/api.w.org\/{rel}","templated":true}]}}