{"id":163,"date":"2026-02-28T00:42:30","date_gmt":"2026-02-27T21:42:30","guid":{"rendered":"http:\/\/localhost\/endoskopi\/?post_type=product&#038;p=163"},"modified":"2026-02-28T00:44:05","modified_gmt":"2026-02-27T21:44:05","slug":"bronkoskopi","status":"publish","type":"product","link":"https:\/\/hasansayar.com\/endoskopi\/urunler\/bronkoskopi\/","title":{"rendered":"Bronkoskopi"},"content":{"rendered":"\n<p>G\u00fcn\u00fcm\u00fczde modern bronkoskopi, solunum yolu hastal\u0131klar\u0131n\u0131n de\u011ferlendirilmesi ve tedavisi i\u00e7in en \u00f6nemli prosed\u00fcrlerden biridir.<\/p>\n\n\n\n<p>Rijit bronkoskoplar, merkezi bron\u015fiyal sistemde \u00e7e\u015fitli endikasyonlar i\u00e7in tan\u0131 ve tedavi amac\u0131yla kullan\u0131l\u0131r. Rijit bronkoskopi, \u00f6zellikle yabanc\u0131 cisimlerin \u00e7\u0131kar\u0131lmas\u0131 veya t\u00fcm\u00f6r\u00fcn \u00e7\u0131kar\u0131lmas\u0131 veya stent implantasyonu gibi giri\u015fimsel prosed\u00fcrler i\u00e7in alt\u0131n standart olmaya devam etmektedir.<\/p>\n\n\n\n<p><strong>Ba\u011flant\u0131l\u0131 \u00dcr\u00fcnler:<\/strong><br>\u00bb Basic Sets \/\/ TEMEL SETLER<br>\u00bb Flexible Bronchoscopes \/ Telescopes \/\/ FLEKS\u0130BL BRONKOSKOPLAR \/ R\u0130J\u0130T OPT\u0130KLER<br>\u00bb Bronchoscope Tubes \/ Tracheoscope Tubes \/ Bronchoscopes for Children \/\/ BRONKOSKOP T\u00dcPLER\u0130 \/ TRAKEOSKOP T\u00dcPLER\u0130 \/ PED\u0130ATR\u0130K BRONKOSKOPLAR<br>\u00bb Forceps \/ Optical Forceps \/\/ FORSEPS \/ OPT\u0130KAL FORSEPS<br>\u00bb Optical Steering Device \/\/ OPT\u0130KAL Y\u00d6NLEND\u0130RME C\u0130HAZI<br>\u00bb Instruments for Aspiration and Irrigation \/\/ ASP\u0130RASYON VE YIKAMA ALETLER\u0130<br>\u00bb Instruments for Anaesthesia, Emergency, Trachealsurgery \/\/ ANESTEZ\u0130, AC\u0130L DURUM VE TRAKEAL CERRAH\u0130 \u0130\u00c7\u0130N ALETLER<\/p>\n","protected":false},"excerpt":{"rendered":"<p>G\u00fcn\u00fcm\u00fczde modern bronkoskopi, solunum yolu hastal\u0131klar\u0131n\u0131n de\u011ferlendirilmesi ve tedavisi i\u00e7in en \u00f6nemli prosed\u00fcrlerden biridir. Rijit bronkoskoplar, merkezi bron\u015fiyal sistemde \u00e7e\u015fitli&#8230;<\/p>\n","protected":false},"featured_media":164,"menu_order":0,"template":"","product_category":[],"class_list":["post-163","product","type-product","status-publish","has-post-thumbnail","hentry"],"_links":{"self":[{"href":"https:\/\/hasansayar.com\/endoskopi\/wp-json\/wp\/v2\/product\/163","targetHints":{"allow":["GET"]}}],"collection":[{"href":"https:\/\/hasansayar.com\/endoskopi\/wp-json\/wp\/v2\/product"}],"about":[{"href":"https:\/\/hasansayar.com\/endoskopi\/wp-json\/wp\/v2\/types\/product"}],"wp:featuredmedia":[{"embeddable":true,"href":"https:\/\/hasansayar.com\/endoskopi\/wp-json\/wp\/v2\/media\/164"}],"wp:attachment":[{"href":"https:\/\/hasansayar.com\/endoskopi\/wp-json\/wp\/v2\/media?parent=163"}],"wp:term":[{"taxonomy":"product_category","embeddable":true,"href":"https:\/\/hasansayar.com\/endoskopi\/wp-json\/wp\/v2\/product_category?post=163"}],"curies":[{"name":"wp","href":"https:\/\/api.w.org\/{rel}","templated":true}]}}