{"id":200,"date":"2026-03-01T00:52:06","date_gmt":"2026-02-28T21:52:06","guid":{"rendered":"http:\/\/localhost\/endoskopi\/?post_type=product&#038;p=200"},"modified":"2026-04-03T00:54:18","modified_gmt":"2026-04-02T21:54:18","slug":"peyronie-hastaligi-edswt","status":"publish","type":"product","link":"https:\/\/hasansayar.com\/endoskopi\/urunler\/peyronie-hastaligi-edswt\/","title":{"rendered":"Peyronie Hastal\u0131\u011f\u0131 (EDSWT)"},"content":{"rendered":"<div class=\"wp-block-image\">\n<figure class=\"alignright size-full\"><img loading=\"lazy\" decoding=\"async\" width=\"300\" height=\"320\" src=\"https:\/\/hasansayar.com\/endoskopi\/wp-content\/uploads\/2026\/03\/eswt-sag.jpg\" alt=\"\" class=\"wp-image-203\" srcset=\"https:\/\/hasansayar.com\/endoskopi\/wp-content\/uploads\/2026\/03\/eswt-sag.jpg 300w, https:\/\/hasansayar.com\/endoskopi\/wp-content\/uploads\/2026\/03\/eswt-sag-281x300.jpg 281w\" sizes=\"auto, (max-width: 300px) 100vw, 300px\" \/><\/figure>\n<\/div>\n\n\n<p><strong>Peyronie Hastal\u0131\u011f\u0131 &#8211; Erektil Disfonksiyon<br>EDSWT<br><\/strong><br>Benzersiz, yeni ve geli\u015ftirilmi\u015f \u00f6zellikler, Richard Wolf ve ELvation\u00ae Medical`in yeni nesil piezo shockwave cihazlar\u0131n\u0131 karakterize ediyor. Piezo tek ve \u00e7ift y\u00fczey teknolojisine dayal\u0131 olarak, terapi kaynaklar\u0131n\u0131n iste\u011fe ba\u011fl\u0131 bir varyasyonu elde edilir.<\/p>\n\n\n\n<p>Do\u011frusal odaklanan bir \u015fok dalgas\u0131 terapi kayna\u011f\u0131n\u0131n mevcut geli\u015fimi d\u00fcnya \u00e7ap\u0131nda benzersizdir. Konvansiyonel, nokta odakl\u0131 \u015fok dalgalar\u0131na k\u0131yasla \u00e7ok daha homojen ve etkili bir uygulama m\u00fcmk\u00fcn hale getirilmi\u015ftir.<\/p>\n\n\n\n<p>Piezoelektrik \u015fok dalgas\u0131 prensibi, \u015fok dalgas\u0131 mod\u00fclasyonunun benzersiz bir de\u011fi\u015fkenli\u011fine izin verir. Bu mobil terapi \u00fcnitesi ile iste\u011fe ba\u011fl\u0131 olarak klasik nokta odakl\u0131, do\u011frusal odakl\u0131 \u015fok dalgas\u0131 ve d\u00fczlemsel \u015fok dalgas\u0131 aras\u0131nda se\u00e7im yapabilirsiniz.<\/p>\n\n\n\n<p>Odaklanm\u0131\u015f piezo \u015fok dalgas\u0131, benzersiz \u00f6zellikleriyle d\u00fcnya \u00e7ap\u0131nda g\u00fcn\u00fcm\u00fcz\u00fcn en \u00e7ok tercih edilen \u015fok dalgas\u0131 sistemlerinden biridir. Boyut \/ hacim, kal\u0131nl\u0131k ve penetrasyon derinli\u011fi bak\u0131m\u0131ndan farkl\u0131 odak b\u00f6lgeleri geli\u015ftirilmi\u015ftir.<\/p>\n\n\n\n<p>Tek ve \u00e7ift katmanl\u0131 piezo teknolojileri temelinde, daha b\u00fcy\u00fck bir tedavi hacmine izin veren benzersiz do\u011frusal odaklanma kaynaklar\u0131 bulunmaktad\u0131r.<\/p>\n\n\n\n<p>Vask\u00fcler erektil disfonksiyon olan Peyronie hastal\u0131\u011f\u0131n\u0131n tedavisi i\u00e7in do\u011frusal odaklamal\u0131 piezo shockwave kullan\u0131l\u0131r. Bu prosed\u00fcr, LSTC-ED (Lineer Shockwave Tissue Coverage &#8211; Erektil Disfonksiyon) ad\u0131 alt\u0131nda geli\u015ftirilmi\u015ftir.<\/p>\n\n\n\n<p>\u015eok dalgalar\u0131, Peyronie hastal\u0131\u011f\u0131 olarak adland\u0131r\u0131lan, vask\u00fcler erektil disfonksiyonun (ED) tedavisinde m\u00fckemmel sonu\u00e7lar g\u00f6stermi\u015ftir. Tedaviden 6 ay sonra fonksiyonel bir iyile\u015fme sa\u011flanarak, LSTC-ED tedavisinin uzun vadeli etkisi kan\u0131tlanm\u0131\u015ft\u0131r.<\/p>\n\n\n<div class=\"wp-block-image\">\n<figure class=\"alignleft size-full\"><img loading=\"lazy\" decoding=\"async\" width=\"287\" height=\"239\" src=\"https:\/\/hasansayar.com\/endoskopi\/wp-content\/uploads\/2026\/03\/PiezoWave2.jpg\" alt=\"\" class=\"wp-image-202\"\/><\/figure>\n<\/div>\n\n\n<p><strong>PiezoWave2<\/strong><\/p>\n\n\n\n<p>PiezoWave2, g\u00fcnl\u00fck kullan\u0131m\u0131n\u0131 geli\u015ftiren basit bir kullan\u0131c\u0131 aray\u00fcz\u00fcne ve ayak pedal\u0131 kontrollerine sahiptir. Kontrol \u00fcnitesi, kullan\u0131m s\u0131ras\u0131nda uygun enerji spektrumunu sa\u011flamak i\u00e7in hangi tedavi kayna\u011f\u0131n\u0131n tak\u0131l\u0131 oldu\u011funu alg\u0131lar.<\/p>\n\n\n\n<p>Bireysel ayarlar sadece birka\u00e7 tu\u015fa basarak ve tedavi kontrol ayak pedallar\u0131 ile ayarlanabilir. PiezoWave 2 MyACT, hasta bilgilerini ve tedavi \u00e7izelgelerini g\u00f6r\u00fcnt\u00fclemek i\u00e7in size IPad`inizi takma imkan\u0131 sunan bir IPad Tutucu ile tasarlanm\u0131\u015ft\u0131r. Ayr\u0131ca, PiezoWave2 MyAct klinik uygulamalar\u0131 i\u00e7in ayarlar hakk\u0131nda en son bilgileri ve en yeni \u00f6nerileri almaya devam etti\u011finizden emin olarak, Ipad`iniz i\u00e7in MyAct Tedavi Protokol\u00fc Uygulamam\u0131z\u0131 indirebilir ve g\u00fcncelleyebilirsiniz.<\/p>\n\n\n\n<p class=\"has-text-align-center\"><strong>Odaklanm\u0131\u015f Piezoelectric Bas\u0131n\u00e7 Dalgas\u0131; Odakl\u0131 ve Do\u011frusal<br><\/strong><\/p>\n\n\n\n<div class=\"wp-block-columns are-vertically-aligned-center is-layout-flex wp-container-core-columns-is-layout-9d6595d7 wp-block-columns-is-layout-flex\">\n<div class=\"wp-block-column is-vertically-aligned-center is-layout-flow wp-block-column-is-layout-flow\">\n<figure class=\"wp-block-image size-full\"><img loading=\"lazy\" decoding=\"async\" width=\"287\" height=\"239\" src=\"https:\/\/hasansayar.com\/endoskopi\/wp-content\/uploads\/2026\/03\/pdaklanmis-piezoelectric-basinc-dalgasi-odakli-ve-dogrusal.jpg\" alt=\"\" class=\"wp-image-204\"\/><\/figure>\n<\/div>\n\n\n\n<div class=\"wp-block-column is-vertically-aligned-center is-layout-flow wp-block-column-is-layout-flow\">\n<p class=\"has-text-align-center\"><strong>Odakl\u0131 Tedavi Kayna\u011f\u0131<\/strong><\/p>\n\n\n<div class=\"wp-block-image\">\n<figure class=\"aligncenter size-full\"><img loading=\"lazy\" decoding=\"async\" width=\"189\" height=\"98\" src=\"https:\/\/hasansayar.com\/endoskopi\/wp-content\/uploads\/2026\/03\/odakli-tedavi-kaynagi.jpg\" alt=\"\" class=\"wp-image-205\"\/><\/figure>\n<\/div><\/div>\n\n\n\n<div class=\"wp-block-column is-vertically-aligned-center is-layout-flow wp-block-column-is-layout-flow\">\n<p class=\"has-text-align-center\"><strong><strong>Do\u011frusal Tedavi Kayna\u011f\u0131<\/strong><\/strong><\/p>\n\n\n<div class=\"wp-block-image\">\n<figure class=\"aligncenter size-full\"><img loading=\"lazy\" decoding=\"async\" width=\"189\" height=\"98\" src=\"https:\/\/hasansayar.com\/endoskopi\/wp-content\/uploads\/2026\/03\/dogrusal-tedavi-kaynagi.jpg\" alt=\"\" class=\"wp-image-206\"\/><\/figure>\n<\/div><\/div>\n<\/div>\n\n\n\n<p>Piezo seramik kristalleri, mozaik bir desende i\u00e7b\u00fckey bir d\u00f6n\u00fc\u015ft\u00fcr\u00fcc\u00fc \u00fczerinde d\u00fczenlenmi\u015ftir. Y\u00fcksek voltajl\u0131 bir ak\u0131m, piezo kristallerini k\u0131saca uyar\u0131r ve bir bas\u0131n\u00e7 dalgas\u0131 olu\u015fturmak i\u00e7in eksenleri boyunca ayn\u0131 anda birka\u00e7 mikrometre geni\u015flemelerine neden olur. Piezo unsurlar\u0131, terapi oda\u011f\u0131na tam olarak hizalanm\u0131\u015ft\u0131r. Nabz\u0131n kesin, odaklanm\u0131\u015f ve do\u011frusal olmayan yay\u0131l\u0131m\u0131, odak noktas\u0131nda dikle\u015fmeye neden olarak bir s\u0131k\u0131\u015ft\u0131rma olay\u0131 yarat\u0131r.<br>Piezo MyACT sistemi ek bir reflekt\u00f6r gerektirmez. Bu, tedavi kayna\u011f\u0131n\u0131n kompaktl\u0131\u011f\u0131n\u0131 ve kesin, iyi tan\u0131mlanm\u0131\u015f odak b\u00f6lgesini a\u00e7\u0131klar. Tedavi sessizdir ve neredeyse a\u011fr\u0131s\u0131zd\u0131r ve teknoloji, yo\u011funluk seviyelerinin odak boyutunu neredeyse hi\u00e7 etkilemeden serbest\u00e7e ayarlanmas\u0131na izin verir. Piezo teknolojisi ola\u011fan\u00fcst\u00fc dayan\u0131kl\u0131d\u0131r.<\/p>\n\n\n<div class=\"wp-block-image\">\n<figure class=\"alignleft size-full\"><img loading=\"lazy\" decoding=\"async\" width=\"287\" height=\"122\" src=\"https:\/\/hasansayar.com\/endoskopi\/wp-content\/uploads\/2026\/03\/doku-penetrasyon-derinligi.jpg\" alt=\"\" class=\"wp-image-207\"\/><\/figure>\n<\/div>\n\n\n<p><strong>Doku Penetrasyon Derinli\u011fi<\/strong><\/p>\n\n\n\n<p>Piezo MyACT teknolojisi, akustik nabz\u0131n m\u00fcmk\u00fcn oldu\u011funca az sa\u00e7\u0131lma ile tam olarak istenen derinli\u011fe n\u00fcfuz etmesini sa\u011flamak i\u00e7in hastayla temas eden de\u011fi\u015ftirilebilir jel pedler kullan\u0131r. Bu jel pedler ara par\u00e7a olarak kullan\u0131l\u0131r ve penetrasyon derinli\u011fini 5 mm`lik art\u0131\u015flarla de\u011fi\u015ftirir. Bunu, terapi kayna\u011f\u0131n\u0131n statik odak alan\u0131n\u0131 s\u0131ras\u0131yla art\u0131ml\u0131 olarak y\u00fczeysel veya derine \u00e7ekerek ba\u015far\u0131rlar. Tedavi kayna\u011f\u0131na ba\u011fl\u0131 olarak 0,5 mm ile 3 cm aras\u0131nda penetrasyon derinlikleri m\u00fcmk\u00fcnd\u00fcr.<\/p>\n","protected":false},"excerpt":{"rendered":"<p>Peyronie Hastal\u0131\u011f\u0131 &#8211; Erektil DisfonksiyonEDSWTBenzersiz, yeni ve geli\u015ftirilmi\u015f \u00f6zellikler, Richard Wolf ve ELvation\u00ae Medical`in yeni nesil piezo shockwave cihazlar\u0131n\u0131 karakterize&#8230;<\/p>\n","protected":false},"featured_media":201,"menu_order":0,"template":"","product_category":[],"class_list":["post-200","product","type-product","status-publish","has-post-thumbnail","hentry"],"_links":{"self":[{"href":"https:\/\/hasansayar.com\/endoskopi\/wp-json\/wp\/v2\/product\/200","targetHints":{"allow":["GET"]}}],"collection":[{"href":"https:\/\/hasansayar.com\/endoskopi\/wp-json\/wp\/v2\/product"}],"about":[{"href":"https:\/\/hasansayar.com\/endoskopi\/wp-json\/wp\/v2\/types\/product"}],"wp:featuredmedia":[{"embeddable":true,"href":"https:\/\/hasansayar.com\/endoskopi\/wp-json\/wp\/v2\/media\/201"}],"wp:attachment":[{"href":"https:\/\/hasansayar.com\/endoskopi\/wp-json\/wp\/v2\/media?parent=200"}],"wp:term":[{"taxonomy":"product_category","embeddable":true,"href":"https:\/\/hasansayar.com\/endoskopi\/wp-json\/wp\/v2\/product_category?post=200"}],"curies":[{"name":"wp","href":"https:\/\/api.w.org\/{rel}","templated":true}]}}