{"id":267,"date":"2026-03-01T17:46:04","date_gmt":"2026-03-01T14:46:04","guid":{"rendered":"http:\/\/localhost\/endoskopi\/?post_type=product&#038;p=267"},"modified":"2026-04-03T00:48:43","modified_gmt":"2026-04-02T21:48:43","slug":"performance-hd","status":"publish","type":"product","link":"https:\/\/hasansayar.com\/endoskopi\/urunler\/performance-hd\/","title":{"rendered":"Performance HD"},"content":{"rendered":"\n<p>ENDOCAM Performance HD, hesapl\u0131 ve rekabet\u00e7i bir maliyete, m\u00fcmk\u00fcn olan en iyi verimlili\u011fi sunar. G\u00fc\u00e7l\u00fc ve kullan\u0131m\u0131 kolay tek \u00e7ipli kamera kafas\u0131, son derece ayr\u0131nt\u0131l\u0131 g\u00f6r\u00fcnt\u00fclerin olu\u015fturulmas\u0131na ve e\u015f zamanl\u0131 kaydedilmesine olanak tan\u0131r. ENDOCAM Performance HD, endoskopide \u00e7e\u015fitli disiplinlerde kullan\u0131m i\u00e7in m\u00fckemmel bir \u00e7\u00f6z\u00fcmd\u00fcr.<\/p>\n\n\n\n<p>HD teknolojisi, y\u00fcksek derecede keskin g\u00f6r\u00fcnt\u00fcler \u00fcretir. Son derece y\u00fcksek \u0131\u015f\u0131k hassasiyeti ve do\u011fal renk \u00fcretimi her ayr\u0131nt\u0131y\u0131 g\u00f6sterir.<\/p>\n\n\n\n<p>Dijital G\u00f6r\u00fcnt\u00fc \u0130\u015fleme (DIP), dijital sinyal s\u00fcrecini kal\u0131c\u0131 olarak izleyerek s\u00fcrekli g\u00f6r\u00fcnt\u00fc optimizasyonu sa\u011flar.<\/p>\n\n\n\n<p>ENDOCAM Performance HD, g\u00f6r\u00fcnt\u00fcleri tek bir d\u00fc\u011fmeye dokunarak kaydetmeye olanak tan\u0131r. Kamera kafas\u0131ndan tetiklenerek g\u00f6r\u00fcnt\u00fcler ve video sekanslar\u0131 USB flash s\u00fcr\u00fcc\u00fcye kaydedilir.<\/p>\n","protected":false},"excerpt":{"rendered":"<p>ENDOCAM Performance HD, hesapl\u0131 ve rekabet\u00e7i bir maliyete, m\u00fcmk\u00fcn olan en iyi verimlili\u011fi sunar. G\u00fc\u00e7l\u00fc ve kullan\u0131m\u0131 kolay tek \u00e7ipli&#8230;<\/p>\n","protected":false},"featured_media":268,"menu_order":0,"template":"","product_category":[],"class_list":["post-267","product","type-product","status-publish","has-post-thumbnail","hentry"],"_links":{"self":[{"href":"https:\/\/hasansayar.com\/endoskopi\/wp-json\/wp\/v2\/product\/267","targetHints":{"allow":["GET"]}}],"collection":[{"href":"https:\/\/hasansayar.com\/endoskopi\/wp-json\/wp\/v2\/product"}],"about":[{"href":"https:\/\/hasansayar.com\/endoskopi\/wp-json\/wp\/v2\/types\/product"}],"wp:featuredmedia":[{"embeddable":true,"href":"https:\/\/hasansayar.com\/endoskopi\/wp-json\/wp\/v2\/media\/268"}],"wp:attachment":[{"href":"https:\/\/hasansayar.com\/endoskopi\/wp-json\/wp\/v2\/media?parent=267"}],"wp:term":[{"taxonomy":"product_category","embeddable":true,"href":"https:\/\/hasansayar.com\/endoskopi\/wp-json\/wp\/v2\/product_category?post=267"}],"curies":[{"name":"wp","href":"https:\/\/api.w.org\/{rel}","templated":true}]}}